s = 1534 - 691. What is the hundreds digit of s?
8
Let y(u) = -15*u - 12. Let f(z) = 7*z + 6. Let w(l) = 5*f(l) + 2*y(l). What is the units digit of w(14)?
6
Suppose -4*b + 6*b = 4. Suppose 95 = -y + b*y. What is the units digit of y?
5
Suppose 0 = -7*y + 2*y - 4*y. Suppose -456 = -5*r + r + 3*a, y = -5*r - 2*a + 547. What is the units digit of r?
1
Let y be 3 + (-2)/(4/(-2)). Suppose 5*c + 5*a = 815, 2*a + 803 = 5*c + y*a. What is the hundreds digit of c?
1
Suppose -4*l = -23*l + 6004. What is the units digit of l?
6
Let d(z) = -4*z**2 + 92*z + 27. What is the tens digit of d(20)?
6
Let v(z) be the second derivative of -z**5/20 - z**4/4 - 2*z**3/3 - 3*z**2/2 + 6*z. Let p be 1/(2 + 21/(-9)). What is the units digit of v(p)?
9
Suppose 3*r - 3*i - 690 = 0, 2*r + i - 464 = 4*i. What is the tens digit of r?
2
Suppose -12*g - 7401 = -5*d - 15*g, 0 = -d - 3*g + 1485. What is the tens digit of d?
7
Suppose 104*x = 109*x + 3*d - 2691, -2*x + 1068 = -3*d. What is the units digit of x?
7
Suppose -2*h = -14*h + 8904. What is the units digit of h?
2
Let c(i) = -114*i**3 - 4*i**2 - 3*i + 7. What is the units digit of c(-2)?
9
Suppose 103 = 4*r + 11. Let k(s) = 2*s - 4. Let b be k(4). Let j = r - b. What is the units digit of j?
9
Suppose 3*u = 2003 + 694. What is the tens digit of u?
9
Let c = -6 + -2. Let m be ((-6)/c - -2)*-20. What is the units digit of m/(-2) - 7/14?
7
Let z(o) = 53*o - 31. Let m = 73 + -68. What is the hundreds digit of z(m)?
2
Let y = -3 - 0. Let j = 21 + y. Suppose -q = -0*q - j. What is the tens digit of q?
1
What is the hundreds digit of (-3742)/(-6) - (28/6)/7?
6
Let m be (2/(-6))/((-3)/(-333)). Let p = 23 - m. Let y = p - 25. What is the units digit of y?
5
Suppose -12679 + 41101 = 6*y. What is the units digit of y?
7
What is the tens digit of ((-114)/(-5))/((-9)/(-120))?
0
Let b = 126 + -60. Suppose -3*y - 3*h = -12, 3*y - 3*h + 2*h - 4 = 0. What is the units digit of y/3 + 3784/b?
8
Suppose -1088 = -2*i - 2*i. Suppose -2*c - g + 105 = 4*g, -5*c - 3*g + i = 0. What is the tens digit of c?
5
Suppose 0 = 4*b - 2*n - 1026, 0 = 5*b + 2*n - 537 - 750. What is the tens digit of b?
5
Let a(f) = -f**2 + 37*f - 55. What is the units digit of a(32)?
5
Let j(y) = -7*y + 20. Let c(i) = i**2 - 5*i + 3. Let q be c(6). Let k be j(q). Let x = 83 + k. What is the tens digit of x?
4
Let h(r) = -r**3 + 5*r**2 + 22*r - 3. What is the units digit of h(-8)?
3
Let o(q) = -14*q - 37*q + 4 + 20*q. What is the tens digit of o(-3)?
9
Suppose -3*k + 5*v - 123 = -0*k, 5*v = -4*k - 129. What is the units digit of (-4)/(-18) + (-1432)/k?
0
Let o be (4 - -149)*-5*2/(-3). Suppose 3*x - 6 = o. What is the hundreds digit of x?
1
Suppose 0 = 5*y + 3*a - 297, 0 = y - 2*a - 60 + 11. Suppose -6*k = -3*k - y. What is the tens digit of k?
1
Suppose -2*o - 3*l = -1710, 0*o + 5*l = -3*o + 2565. What is the tens digit of (-3)/(-1) + o/3?
8
Suppose 2*u + i = 8 + 19, -4*i = -3*u + 24. Suppose u = t + 6. Suppose -n - 2*g - 55 = -t*n, 5*g = -25. What is the units digit of n?
9
Let x(b) = -21*b - 23. Let j be 1/(2 + 14/(-6)). What is the tens digit of x(j)?
4
Suppose -3*w - 1 = k - 2, -5 = 2*k - w. Let r = k - -2. What is the units digit of (-14 + r)/(-4 + 2)?
7
Let o be (11/22)/(1/(-4)). What is the tens digit of -8*(3 - 9) - o?
5
What is the hundreds digit of 143 + (-6)/(-12)*10?
1
Suppose -19214 = -23*r + 4867. What is the thousands digit of r?
1
Suppose 95*c + 34289 = 112*c. What is the hundreds digit of c?
0
Suppose 3*o - 63 = 87. Let h = 87 - o. Suppose 13 - h = -4*v. What is the units digit of v?
6
Suppose 48*z = 51*z - 279. Suppose -7*w + 10*w = z. What is the tens digit of w?
3
Let g = 1671 - 523. What is the thousands digit of g?
1
Let h(w) be the third derivative of -2*w**2 + 0*w + 1/24*w**4 + 0 + 1/30*w**5 + 1/2*w**3. What is the units digit of h(3)?
4
Suppose -4*y - y + 1805 = 0. Suppose -4*c + 132 = -4*u - 160, 4*u = 5*c - y. What is the tens digit of c?
6
Suppose 4*f - 44 = -0*f. Let n = 277 + -269. Let j = f + n. What is the units digit of j?
9
Let v = -168 + 104. What is the tens digit of (-5)/(-10)*v/(-1)?
3
Let k be 84/16 - 1/4. Suppose 444 = k*c + c. What is the units digit of c?
4
Suppose -4*h - 6*g + 4*g + 154 = 0, 5*h = 5*g + 155. What is the units digit of (45/h)/(2/488)?
5
Let d = -96 + 97. What is the units digit of (-1)/(-6) - 454/(-12)*d?
8
Suppose 7*d - 110 = -3*d. Suppose y + 0 = d. What is the units digit of y?
1
Suppose 0 = 7*o - 23 + 170. Suppose s = -s - 26. What is the tens digit of (s/3)/(7/o)?
1
Suppose -5*v - 32 = 3*r, 1 = v - r + 9. Let l be -111*v/(21/4). Suppose 5*f = -5*u + 210, f + l = 5*f - u. What is the tens digit of f?
3
Suppose 63 = b + 68, -b - 2816 = -3*c. What is the units digit of c?
7
What is the hundreds digit of 6/27 - 102115/(-117)?
8
Let q(s) = s**2 - 15*s + 30. What is the units digit of q(29)?
6
Let q(m) = 2*m**2 + 34*m + 103. What is the hundreds digit of q(-26)?
5
Suppose h - 238 = -m, -h + 250 = 18*m - 13*m. Let w be 70/6 + 1/3. Suppose -17*z + w*z + h = 0. What is the tens digit of z?
4
Let s(w) = -w**3 + 13*w**2 + w + 8. Let q be (-901)/(-68) - (-2)/(-8). Let a be s(q). Let r = -19 + a. What is the units digit of r?
2
Suppose 0 = 6*k - 21 - 63. Suppose 0 = -f + k + 15. What is the tens digit of f?
2
What is the tens digit of 2*((-1 - -1) + (2 - -1196))?
9
Let b(h) = h**3 - 8*h**2 + 7*h - 3. Let l be b(7). Let a be (2 + 7)*(-6 + l). What is the units digit of 166/18 + 18/a?
9
Suppose 7 + 8 = 5*u. Suppose -2*y = u*y - 265. What is the tens digit of y?
5
Suppose 2*m + 18 = 5*m. Suppose 3*z - m*z = -264. What is the units digit of (z*1)/4 + 3?
5
What is the units digit of (-1784)/(-36)*-3*(-195)/26?
5
Let a(j) = -j**2 + 3*j + 24. Let r be a(7). What is the hundreds digit of 2*((-3740)/(-40) + r/(-2))?
1
Suppose -4*m + 9*m + 8 = 3*d, 0 = 2*d - 2*m. Let j be 2 - 5*d/(-10). Suppose j*v = -4*v + 148. What is the units digit of v?
7
Suppose 4*b = -5*o - b + 520, -b + 306 = 3*o. Suppose 7 = 4*s - o. What is the tens digit of s?
2
What is the tens digit of 1098/5 + 28/70?
2
Suppose -159 = 3*u - y + 6*y, 5*u + 265 = 5*y. Let i be (u - -13)*(-2)/2. What is the units digit of i + 4/(-8)*0?
0
Let z(f) = -f**3 - 8*f**2 - f - 6. Let a be z(-8). Suppose a*j = 6*j - 12. What is the units digit of j?
3
Suppose 0 = q - 2 - 2. Suppose -3*m + 10 = q. What is the tens digit of -1 - 60/(m/(-1))?
2
Let x(k) be the third derivative of -4*k**4/3 - 13*k**3/3 + 8*k**2. What is the units digit of x(-8)?
0
Suppose 8980 - 24556 = -12*g. What is the hundreds digit of g?
2
Let u(h) = -3*h**3 + 3*h**2 - 3*h - 2. Let a be u(3). Let g = -61 - -30. Let r = g - a. What is the tens digit of r?
3
Suppose -s = -7*s + 18. Suppose 3*b - 174 + s = 0. What is the tens digit of b?
5
Suppose 106*m - 72*m = 135966. What is the tens digit of m?
9
Suppose -4*z = -4*b - 16, -z - 2*b - 2 = -3. What is the hundreds digit of 16/12 - (-332)/z?
1
Let o(l) = 3*l. Let i be o(0). Suppose i = -3*p - 2*p + 100. Suppose 4*y + z = p, 5*y - 13 = 4*z + 12. What is the units digit of y?
5
Suppose 0 = 3*q - 4*q + 109. What is the hundreds digit of q + 1*(-3 - -2)?
1
Suppose -46*q + 49*q = 495. What is the units digit of q?
5
What is the hundreds digit of -2*(-5 + 580/(-3 - -1))?
5
Let b be 195/3*-5 + -1. Let j = -156 - b. What is the units digit of j?
0
Let q(r) = -r + 12. Let h be q(6). Suppose -h = -4*k + 2. Suppose 4*u + 0*u - 2*v = 222, 0 = 3*u + k*v - 177. What is the units digit of u?
7
Let h = 30 - 25. Suppose 3*a + 102 = p + 2*a, -h*p = -a - 514. What is the hundreds digit of p?
1
Let q = 333 + -323. Let v(k) be the third derivative of k**4/24 + k**3 - k**2. What is the units digit of v(q)?
6
Suppose 0*x = -x + 7. Let v(c) = 4*c - 13. Let u be v(7). Let y = x + u. What is the tens digit of y?
2
Suppose -3*p - u = -10, -6*p + 5 = -5*p + 2*u. Suppose -156 = -j + p*g, 4*j - 4*g = 392 + 208. What is the hundreds digit of j?
1
Suppose 9*q - 7710 - 741 = 0. What is the units digit of q?
9
Let m(l) = l**2 + 7*l - 5. What is the units digit of m(-9)?
3
Let l = 28 + -41. Let d be (-9)/(-6)*(-138)/(-9). Let p = l + d. What is the units digit of p?
0
Let x(i) = i**2 - 17. Let d be x(0). Let y = d - -17. Suppose y = -3*z + 3*f + 93, -3*z - f - 2*f + 99 = 0. What is the units digi